Is 15554 a multiple of 22?
True
Is 336 a multiple of 16?
True
Is 1775 a multiple of 5?
True
Is 21 a factor of 945?
True
Does 73 divide 22945?
False
Is 252 a multiple of 12?
True
Is 18 a factor of 3258?
True
Is 296 a multiple of 10?
False
Is 1954 a multiple of 3?
False
Is 984 a multiple of 6?
True
Is 70 a factor of 66430?
True
Does 7 divide 168?
True
Is 5 a factor of 3615?
True
Does 16 divide 776?
False
Is 570 a multiple of 13?
False
Does 12 divide 40836?
True
Is 6 a factor of 641?
False
Is 40 a factor of 1160?
True
Is 12986 a multiple of 9?
False
Does 41 divide 106764?
True
Does 9 divide 14098?
False
Is 23134 a multiple of 47?
False
Is 205 a multiple of 3?
False
Is 14 a factor of 574?
True
Is 4054 a multiple of 49?
False
Is 135 a factor of 82620?
True
Does 10 divide 100?
True
Is 51 a factor of 714?
True
Is 88 a factor of 54517?
False
Does 5 divide 170?
True
Does 9 divide 357?
False
Does 39 divide 11234?
False
Is 725 a multiple of 29?
True
Is 308 a multiple of 39?
False
Is 8024 a multiple of 100?
False
Is 10687 a multiple of 11?
False
Is 16 a factor of 15185?
False
Is 6128 a multiple of 16?
True
Does 17 divide 425?
True
Does 109 divide 84807?
False
Is 11 a factor of 37041?
False
Is 34 a factor of 2414?
True
Is 11 a factor of 512?
False
Does 15 divide 585?
True
Is 73 a factor of 17374?
True
Is 15 a factor of 2520?
True
Is 1254 a multiple of 34?
False
Is 287 a multiple of 2?
False
Is 1884 a multiple of 6?
True
Does 33 divide 4653?
True
Is 34 a factor of 10642?
True
Does 77 divide 1896?
False
Is 19 a factor of 70?
False
Is 3900 a multiple of 10?
True
Is 2951 a multiple of 54?
False
Does 79 divide 23208?
False
Is 2958 a multiple of 10?
False
Does 47 divide 70970?
True
Is 4 a factor of 113?
False
Is 1668 a multiple of 4?
True
Is 68 a factor of 884?
True
Is 2250 a multiple of 15?
True
Is 9 a factor of 3573?
True
Is 44 a factor of 8126?
False
Does 64 divide 53990?
False
Does 10 divide 13110?
True
Is 3080 a multiple of 65?
False
Is 11466 a multiple of 21?
True
Does 9 divide 4374?
True
Does 76 divide 5776?
True
Does 17 divide 1224?
True
Does 109 divide 18292?
False
Is 9054 a multiple of 148?
False
Is 42 a factor of 8606?
False
Is 82847 a multiple of 13?
False
Is 46 a factor of 396?
False
Is 489 a multiple of 21?
False
Is 24 a factor of 61055?
False
Does 42 divide 294?
True
Is 15 a factor of 17640?
True
Does 68 divide 1270?
False
Does 15 divide 9975?
True
Is 54 a factor of 3510?
True
Is 90297 a multiple of 80?
False
Is 20 a factor of 12560?
True
Is 38 a factor of 8719?
False
Is 1769 a multiple of 5?
False
Does 136 divide 60090?
False
Is 9460 a multiple of 10?
True
Does 46 divide 1723?
False
Does 131 divide 4192?
True
Is 1869 a multiple of 55?
False
Is 5888 a multiple of 32?
True
Does 55 divide 4565?
True
Is 14 a factor of 8974?
True
Is 4561 a multiple of 336?
False
Is 20 a factor of 200?
True
Does 31 divide 11656?
True
Is 137 a factor of 7174?
False
Does 20 divide 1560?
True
Is 9906 a multiple of 39?
True
Does 53 divide 166152?
False
Is 805 a multiple of 115?
True
Is 682 a multiple of 6?
False
Is 17 a factor of 20540?
False
Does 10 divide 210?
True
Does 4 divide 610?
False
Is 2543 a multiple of 5?
False
Is 68633 a multiple of 352?
False
Is 6 a factor of 264?
True
Does 45 divide 51120?
True
Is 10 a factor of 595?
False
Does 17 divide 13864?
False
Is 10014 a multiple of 6?
True
Is 11 a factor of 71225?
True
Is 310 a multiple of 2?
True
Does 35 divide 815?
False
Is 44 a factor of 1056?
True
Is 13 a factor of 702?
True
Does 17 divide 14404?
False
Is 9812 a multiple of 11?
True
Is 15 a factor of 959?
False
Does 5 divide 1829?
False
Does 166 divide 32702?
True
Is 68 a factor of 49912?
True
Does 40 divide 4680?
True
Does 29 divide 3161?
True
Does 7 divide 140?
True
Is 3486 a multiple of 6?
True
Does 4 divide 1024?
True
Does 11 divide 84820?
False
Is 13 a factor of 182063?
False
Is 85 a factor of 1785?
True
Is 1717 a multiple of 17?
True
Is 477 a multiple of 10?
False
Is 203 a factor of 50344?
True
Does 37 divide 21518?
False
Does 234 divide 50310?
True
Does 5 divide 13190?
True
Is 49 a factor of 392?
True
Does 25 divide 560?
False
Does 9 divide 13743?
True
Is 612 a multiple of 4?
True
Does 18 divide 520?
False
Is 108 a factor of 7019?
False
Is 2650 a multiple of 33?
False
Is 10 a factor of 6104?
False
Does 3 divide 93?
True
Does 107 divide 624?
False
Is 5300 a multiple of 212?
True
Does 32 divide 106304?
True
Is 1026 a multiple of 6?
True
Is 12 a factor of 15036?
True
Is 125 a factor of 15000?
True
Is 557 a multiple of 37?
False
Is 1287 a multiple of 9?
True
Is 6289 a multiple of 19?
True
Is 26096 a multiple of 14?
True
Is 936 a multiple of 13?
True
Is 2435 a multiple of 20?
False
Is 24 a factor of 240?
True
Is 29 a factor of 1798?
True
Is 510 a multiple of 85?
True
Does 10 divide 8988?
False
Is 19 a factor of 855?
True
Does 204 divide 19992?
True
Is 217 a multiple of 6?
False
Is 4 a factor of 10809?
False
Does 4 divide 9196?
True
Is 64 a factor of 27008?
True
Does 4 divide 5805?
False
Does 41 divide 49610?
True
Is 18 a factor of 846?
True
Is 2308 a multiple of 37?
False
Is 2 a factor of 13?
False
Is 9 a factor of 567?
True
Does 148 divide 4292?
True
Is 3441 a multiple of 31?
True
Is 3076 a multiple of 9?
False
Is 5200 a multiple of 100?
True
Does 20 divide 2020?
True
Is 96 a factor of 10080?
True
Is 914 even?
True
Is 13 a factor of 416?
True
Is 315 a multiple of 9?
True
Is 13 a factor of 50882?
True
Does 34 divide 79900?
True
Is 219 a multiple of 50?
False
Does 51 divide 524?
False
Is 25 a factor of 2054?
False
Does 251 divide 71951?
False
Is 64 a factor of 1470?
False
Does 13 divide 1534?
True
Is 9300 a multiple of 60?
True
Is 6789 a multiple of 31?
True
Is 119812 a multiple of 288?
False
Is 13 a factor of 3536?
True
Does 14 divide 1097?
False
Is 24 a factor of 3936?
True
Is 1643 a multiple of 15?
False
Does 5 divide 50?
True
Is 29 a factor of 1160?
True
Is 3872 a multiple of 121?
True
Is 174 even?
True
Is 18747 a multiple of 52?
False
Is 234 a multiple of 26?
True
Is 20 a factor of 4282?
False
Is 81 a factor of 2430?
True
Is 25 a factor of 156?
False
Does 21 divide 6243?
False
Is 20 a factor of 120?
True
Is 60379 a multiple of 18?
False
Does 15 divide 2850?
True
Is 31 a factor of 899?
True
Is 3705 a multiple of 95?
True
Is 112 a factor of 2693?
False
Does 91 divide 64246?
True
Does 40 divide 3920?
True
Is 21906 a multiple of 18?
True
Is 94824 a multiple of 54?
True
Is 1983 a multiple of 5?
False
Is 4200 a multiple of 14?
True
Is 2435 a multiple of 107?
False
Does 7 divide 9594?
False
Does 17 divide 133?
False
Does 17 divide 29189?
True
Is 101 a factor of 1059?
False
Does 2 divide 352?
True
Is 1539 a multiple of 81?
True
Does 2 divide 330?
True
Does 102 divide 404?
False
Is 4 a factor of 156?
True
Is 9 a factor of 4218?
False
Is 9 a factor of 11772?
True
Is 11 a factor of 7073?
True
Is 39188 a multiple of 97?
True
Is 6 a factor of 5916?
True
Is 38242 a multiple of 114?
False
Is 8 a factor of 8?
True
Is 3008 a multiple of 64?
True
Is 7544 a multiple of 27?
False
Does 6 divide 227?
False
Is 4 a factor of 380?
True
Is 1188 a multiple of 6?
True
Is 37 a factor of 2641?
False
Is 9309 a multiple of 107?
True
Does 187 divide 45067?
True
Is 141 a multiple of 7?
False
Is 11 a factor of 1232?
True
Is 12 a factor of 324?
True
Is 57 a multiple of 7?
False
Is 3496 a multiple of 38?
True
Is 498 a multiple of 13?
False
Does 6 divide 5364?
True
Does 9 divide 162?
True
Is 31 a factor of 826?
False
Is 81 a factor of 3378?
False
Is 4998 a multiple of 30?
False
Is 15 a factor of 8264?
False
Does 31 divide 501?
False
Is 8592 a multiple of 143?
False
Is 13 a factor of 208?
True
Is 4599 a multiple of 14?
False
Does 26 divide 10615?
False
Is 2 a factor of 219?
False
Is 22770 a multiple of 90?
True
Is 138 a factor of 86180?
False
Is 14 a factor of 2436?
True
Is 391 a multiple of 391?
True
Does 14 divide 25970?
True
Does 43 divide 931?
False
Does 6 divide 1782?
True
Does 57 divide 513?
True
Is 5586 a multiple of 4?
False
Is 1236 a multiple of 12?
True
Is 46088 a multiple of 13?
False
Is 12 a factor of 46140?
True
Does 142 divide 27248?
False
Is 40 a multiple of 10?
True
Is 48840 a multiple of 15?
True
Is 68 a multiple of 6?
False
Is 5040 a multiple of 16?
True
Is 1948 a multiple 